onvert -33 (base 5) to base 10.
-18
-12 (base 12) to base 2
-1110
What is -11 (base 2) in base 12?
-3
What is 3 (base 6) in base 10?
3
Convert -164 (base 11) to base 3.
-21002
-102 (base 7) to base 16
-33
Convert 1001 (base 3) to base 6.
44
Convert -3 (base 7) to base 12.
-3
-110101 (base 2) to base 14
-3b
What is -220 (base 4) in base 15?
-2a
What is -141 (base 5) in base 13?
-37
What is 454 (base 7) in base 14?
12b
-1020 (base 3) to base 4
-201
Convert 22 (base 10) to base 13.
19
What is 2 (base 14) in base 13?
2
What is -20 (base 8) in base 9?
-17
-68 (base 10) to base 4
-1010
-112 (base 5) to base 9
-35
-3 (base 13) to base 2
-11
What is 0 (base 13) in base 16?
0
Convert -1 (base 8) to base 2.
-1
Convert 138 (base 13) to base 6.
1000
1 (base 10) to base 15
1
-1 (base 11) to base 9
-1
244 (base 5) to base 6
202
What is -2 (base 8) in base 2?
-10
What is -2 (base 15) in base 10?
-2
Convert 300 (base 4) to base 11.
44
-111 (base 11) to base 13
-a3
4 (base 13) to base 10
4
What is -15 (base 10) in base 16?
-f
0 (base 15) to base 2
0
What is -1 (base 8) in base 4?
-1
Convert -1f (base 16) to base 10.
-31
Convert 50 (base 14) to base 12.
5a
-1200 (base 3) to base 2
-101101
Convert -120 (base 3) to base 15.
-10
-3 (base 8) to base 15
-3
-10 (base 6) to base 7
-6
Convert -37 (base 8) to base 4.
-133
Convert 7 (base 9) to base 7.
10
-7 (base 11) to base 9
-7
Convert -15 (base 10) to base 16.
-f
-3 (base 12) to base 7
-3
274 (base 10) to base 3
101011
Convert -13 (base 4) to base 9.
-7
What is 12 (base 4) in base 16?
6
What is 158 (base 12) in base 15?
e2
-1b (base 16) to base 8
-33
Convert 311 (base 6) to base 9.
137
What is 0 (base 11) in base 9?
0
-14 (base 11) to base 5
-30
What is -10 (base 4) in base 15?
-4
What is -143 (base 7) in base 5?
-310
-437 (base 9) to base 12
-25a
-131 (base 5) to base 2
-101001
Convert 29 (base 10) to base 16.
1d
-3 (base 15) to base 2
-11
-20 (base 4) to base 11
-8
What is -25 (base 8) in base 15?
-16
-11 (base 15) to base 13
-13
Convert 1 (base 10) to base 15.
1
-9 (base 16) to base 7
-12
-4a (base 12) to base 14
-42
What is 11 (base 5) in base 14?
6
What is -8 (base 16) in base 14?
-8
-6 (base 15) to base 5
-11
What is 11 (base 15) in base 7?
22
-1 (base 3) to base 10
-1
111 (base 2) to base 7
10
Convert 0 (base 4) to base 2.
0
What is 0 (base 2) in base 5?
0
What is 4 (base 7) in base 2?
100
What is -3 (base 16) in base 5?
-3
Convert -2 (base 8) to base 5.
-2
What is -14 (base 9) in base 8?
-15
77 (base 10) to base 4
1031
What is -4 (base 9) in base 5?
-4
-4 (base 5) to base 14
-4
What is -4 (base 9) in base 11?
-4
Convert 10 (base 2) to base 8.
2
Convert -35 (base 15) to base 2.
-110010
12 (base 7) to base 15
9
What is -11 (base 2) in base 13?
-3
What is 3 (base 9) in base 13?
3
What is -72 (base 13) in base 14?
-69
-157 (base 10) to base 4
-2131
Convert -5 (base 13) to base 12.
-5
7 (base 15) to base 12
7
4c (base 13) to base 7
121
-112 (base 9) to base 11
-84
Convert 6 (base 15) to base 16.
6
What is -1 (base 5) in base 3?
-1
Convert -145 (base 6) to base 7.
-122
What is -41 (base 5) in base 8?
-25
Convert -3013 (base 4) to base 13.
-124
3 (base 7) to base 6
3
What is 1 (base 11) in base 14?
1
What is -44 (base 12) in base 15?
-37
What is -56 (base 8) in base 13?
-37
29 (base 10) to base 11
27
What is -342 (base 5) in base 9?
-117
32 (base 6) to base 8
24
What is -3 (base 13) in base 14?
-3
What is 3131 (base 4) in base 11?
191
20200 (base 3) to base 12
130
What is -1c (base 14) in base 4?
-122
Convert 2 (base 8) to base 10.
2
Convert 20 (base 4) to base 14.
8
What is 32 (base 7) in base 15?
18
141 (base 8) to base 14
6d
4 (base 11) to base 14
4
Convert 18 (base 11) to base 9.
21
Convert 1 (base 3) to base 16.
1
Convert -76 (base 12) to base 11.
-82
230 (base 8) to base 11
129
What is -24 (base 16) in base 3?
-1100
-92 (base 12) to base 11
-a0
Convert -1 (base 11) to base 2.
-1
What is 4 (base 15) in base 6?
4
Convert -122 (base 5) to base 11.
-34
Convert -13 (base 8) to base 5.
-21
Convert 10 (base 16) to base 5.
31
What is 3332 (base 4) in base 7?
512
-36 (base 13) to base 7
-63
10 (base 11) to base 2
1011
What is -23 (base 8) in base 15?
-14
What is -15 (base 7) in base 5?
-22
What is -a (base 16) in base 2?
-1010
-9 (base 15) to base 5
-14
-119 (base 11) to base 15
-96
-3 (base 7) to base 10
-3
What is 182 (base 11) in base 12?
157
What is 153 (base 6) in base 15?
49
145 (base 6) to base 15
45
What is 2 (base 10) in base 13?
2
81 (base 10) to base 5
311
-300 (base 6) to base 4
-1230
6 (base 13) to base 9
6
What is -25 (base 9) in base 11?
-21
-117 (base 12) to base 8
-243
-3c (base 16) to base 4
-330
-17 (base 15) to base 13
-19
What is 101 (base 2) in base 8?
5
-62 (base 7) to base 4
-230
-b2 (base 16) to base 12
-12a
What is -60 (base 9) in base 14?
-3c
b (base 13) to base 8
13
110 (base 5) to base 14
22
-3 (base 5) to base 13
-3
-5 (base 12) to base 7
-5
Convert 22 (base 4) to base 5.
20
-102 (base 7) to base 11
-47
What is -9 (base 10) in base 13?
-9
-7 (base 10) to base 9
-7
1a (base 11) to base 6
33
What is -2 (base 5) in base 8?
-2
What is -6 (base 7) in base 5?
-11
What is -113 (base 7) in base 15?
-3e
Convert 3 (base 12) to base 10.
3
-110 (base 8) to base 14
-52
Convert 21 (base 3) to base 7.
10
What is -322 (base 8) in base 16?
-d2
What is 10 (base 2) in base 11?
2
What is 5 (base 7) in base 12?
5
-13 (base 10) to base 14
-d
Convert 14 (base 16) to base 15.
15
Convert -1 (base 9) to base 2.
-1
48 (base 9) to base 3
1122
What is -132 (base 4) in base 5?
-110
What is -1 (base 5) in base 14?
-1
Convert -2 (base 5) to base 7.
-2
12 (base 3) to base 11
5
-ab (base 12) to base 3
-11212
5 (base 14) to base 2
101
What is -35 (base 9) in base 8?
-40
What is -1a3 (base 14) in base 10?
-339
-4 (base 8) to base 11
-4
Convert 14 (base 15) to base 9.
21
What is -3 (base 7) in base 2?
-11
What is -11 (base 13) in base 2?
-1110
Convert -26 (base 13) to base 2.
-100000
-17 (base 8) to base 7
-21
What is 3 (base 4) in base 13?
3
-3d (base 16) to base 10
-61
Convert -3 (base 15) to base 11.
-3
Convert 8 (base 9) to base 6.
12
Convert -3c (base 14) to base 15.
-39
What is -8 (base 13) in base 12?
-8
What is 63 (base 7) in base 15?
30
What is 431 (base 5) in base 10?
116
What is 32 (base 9) in base 7?
41
Convert 56 (base 13) to base 9.
78
Convert 213 (base 6) to base 12.
69
Convert 12120 (base 3) to base 13.
b7
What is -10 (base 15) in base 11?
-14
What is -13 (base 14) in base 3?
-122
Convert 9 (base 11) to base 2.
1001
102 (base 6) to base 13
2c
What is 1 (base 3) in base 11?
1
What is -2 (base 9) in base 5?
-2
Convert 10 (base 13) to base 5.
23
-7 (base 14) to base 9
-7
-201 (base 7) to base 2
-1100011
Convert 4 (base 5) to base 2.
100
0 (base 12) to base 8
0
-31 (base 4) to base 8
-15
Convert -7 (base 11) to base 15.
-7
Convert -2 (base 14) to base 3.
-2
Convert 0 (base 13) to base 5.
0
32 (base 9) to base 4
131
What is -2 (base 8) in base 16?
-2
-7 (base 14) to base 5
-12
What is -3 (base 5) in base 7?
-3
-2 (base 9) to base 7
-2
Convert -202 (base 4) to base 9.
-37
What is -2 (base 10) in base 5?
-2
2 (base 11) to base 2
10
What is -10010 (base 2) in base 7?
-24
Convert -2 (base 6) to base 13.
-2
What is -12 (base 6) in base 7?
-11
What is -10 (base 16) in base 9?
-17
What is -1100101 (base 2) in base 13?
-7a
-2 (base 3) to base 7
-2
What is -3 (base 13) in base 7?
-3
Convert -2 (base 6) to base 4.
-2
Convert -5 (base 11) to base 7.
-5
Convert -3 (base 10) to base 16.
-3
What is -2 (base 7) in base 5?
-2
Convert -4 (base 7) to base 11.
-4
Convert 1 (base 4) to base 11.
1
184 (base 11) to base 8
325
4 (base 6) to base 5
4
What is -6 (base 16) in base 7?
-6
-24 (base 13) to base 4
-132
Convert -14 (base 7) to base 8.
-13
118 (base 9) to base 8
142
Convert -17 (base 12) to base 2.
-10011
410 (base 5) to base 12
89
Convert 12 (base 16) to base 6.
30
332 (base 4) to base 3
2022
-22 (base 10) to base 2
-10110
1 (base 14) to base 15
1
15 (base 6) to base 11
10
Convert -5 (base 9) to base 3.
-12
Convert 21 (base 6) to base 16.
d
What is -1 (base 15) in base 11?
-1
-220 (base 7) to base 10
-112
-29 (base 14) to base 7
-52
-192 (base 14) to base 12
-230
Convert -18 (base 10) to base 6.
-30
Convert -160 (base 10) t